factor of g and 63.
63
Let j = -27 - -104. Suppose 2*s + 0*o - 6 = -4*o, 0 = 4*s + 5*o - 21. Suppose -3*t + 24 = -s. Calculate the highest common factor of j and t.
11
Let q(j) = -22*j**2 + 977*j - 64. Let s be q(43). Calculate the highest common divisor of 135 and s.
27
Let y(l) = l**2 + 5*l + 14. Let v be y(-10). Let w = 15698 - 15618. Calculate the greatest common divisor of v and w.
16
Let d be (2/2)/(-3) + 3594/9. Calculate the greatest common divisor of 105 and d.
21
Let i = -7438 + 7446. Suppose 4*k = -14 + 42. Suppose -2*l + z = -k, -3*l + 0*z = 3*z - 15. Calculate the greatest common factor of i and l.
4
Let q(a) = -4*a**2 + 160*a + 69. Let i be q(40). Let x(h) = h**3 - 2*h**2 + 3*h - 3. Let f be x(2). Calculate the highest common divisor of i and f.
3
Let g(f) = 157*f**2 - 308*f - 24. Let m be g(6). What is the greatest common divisor of 324 and m?
108
Suppose 3*r = 4*f + 2733, 3*r = -5*f + 6*r - 3414. Let b = 733 + f. Calculate the highest common divisor of b and 20.
4
Let c = -10530 - -10905. What is the highest common factor of c and 885?
15
Suppose -4*g - 12 = -4*w + 20, 5*g + w + 10 = 0. Let b be (-201)/g - (-4)/(-1). Suppose 0 = 6*d + 3*d - b. Calculate the highest common divisor of d and 14.
7
Let b(q) = 20*q - 42. Let u be b(7). Calculate the highest common divisor of u and 700.
14
Let c(o) = -20*o + 52. Let p be c(11). Let q = 40 - p. What is the highest common factor of q and 48?
16
Let h = -1129 + 1399. Calculate the highest common divisor of 80 and h.
10
Let n = 17 + 2. Suppose 0 = 14*x + 4*x - 108. Suppose -x = t - n. Calculate the greatest common factor of t and 39.
13
Let o(f) = -2*f**2 + 44*f - 6. Let p be ((-21)/14)/(3/(-30)). Let n be o(p). What is the highest common divisor of n and 12?
12
Let y(o) = o**2 + 24*o - 1256. Let h be y(30). Calculate the highest common divisor of 1708 and h.
28
Let g(v) = -v**3 - 7*v**2 - 13*v - 6. Let r(l) = 2*l**3 + 5*l**2 + 2*l - 6. Let d be r(-2). Let w be g(d). What is the highest common divisor of w and 30?
6
Let u = 60 + -55. Suppose n - 81 - 69 = 2*y, y - 165 = -n. Calculate the greatest common factor of n and u.
5
Let b = 7082 + -5052. Suppose b = 91*g - 21*g. Calculate the highest common factor of g and 1421.
29
Suppose 39*w = 35*w - v - 223, 2*w - 3*v + 101 = 0. Suppose 3*o + 41 - 2 = 0. Let q = o - w. What is the highest common factor of q and 28?
14
Let b be 1 + 7 + (-1 - 4). Suppose 0 = 5*x + 4*g - 37, 0*g + 31 = b*x - 2*g. Calculate the highest common divisor of x and 48.
3
Let m(h) = 84*h + 260. Let s be m(-3). Suppose -2*f + w + 8 = -w, -4*w + 16 = 0. What is the highest common divisor of f and s?
8
Let m be (-5 - -3)*(-108)/(-8). Let c = -21 - m. What is the greatest common divisor of c and 96?
6
Let z = -20 - 38. Let c = z + 61. Suppose c*u + 120 = 7*u. What is the highest common factor of u and 10?
10
Let s be 4/(0 + 4 - (-1377)/(-342)). Let i = 160 + s. What is the greatest common factor of 32 and i?
8
Let q(k) = -76*k**3 + 17*k + 29. Let c be q(-2). Let f = -462 + c. Calculate the highest common divisor of f and 235.
47
Let d = -469 + 631. Let t = d + -132. Calculate the greatest common divisor of t and 90.
30
Let z = -45 + 113. Let s = -58 + z. Let x be s + ((-2)/3)/((-6)/9). Calculate the greatest common factor of 88 and x.
11
Suppose a - 3*l = -41, -a - 4*l - 71 = -l. Let v = -21 - a. Let g = 16 + -11. What is the highest common divisor of v and g?
5
Let g be (598/8)/(16*13/10816). What is the greatest common divisor of g and 23?
23
Let m(i) = 3*i - 1. Suppose 0*o + 4*o = 12. Let z be m(o). Let c = -127434 + 127586. What is the highest common factor of c and z?
8
Let g(x) = 128*x - 107. Let r be g(19). Suppose 5*l - z - 2055 = 840, 4*l + z - r = 0. What is the greatest common factor of l and 20?
20
Let w be (-85)/((12/(-72))/((-1)/6)). Let q = w - -109. What is the highest common divisor of q and 20?
4
Let p be (1 + -8 + 2)*-27. Suppose 1377 + 3555 = 145*b + 1017. Calculate the highest common factor of b and p.
27
Let g be (-10 + 1820/15)/(4/(-6)). Let f = 172 + g. Let k be (1 + 4/(-6))*6. Calculate the greatest common factor of f and k.
1
Let i be 4/22 + 11457/209. Suppose i = 5*a + 4*m, 20*m - 15*m = 5*a - 10. Calculate the greatest common factor of 7 and a.
7
Let n = -170 + 332. Let d be 3/9*3 + -1. Suppose -m + 5*z = -d*m - 12, m + 4*z = 39. Calculate the greatest common divisor of n and m.
27
Suppose 3*v + 24 = 3*f, -19 - 9 = 3*v - 2*f. Let x(c) = c**3 + 13*c**2 + c - 8. Let q be x(v). What is the highest common divisor of q and 155?
31
Suppose -5*b = -23429 - 5011. Calculate the greatest common divisor of b and 144.
72
Let t = 35 + -35. Suppose 5*x - x - 56 = t. Suppose -3*l + 3*n = -26 - 7, 0 = -4*l - 3*n + 65. Calculate the greatest common factor of l and x.
14
Suppose -3*n + 16 + 14 = 0. Suppose -n*i + 12*i = 276. Calculate the highest common factor of 92 and i.
46
Suppose -3*z - 19 = -2*j, 4*j + 2*z - 3 = z. Suppose 20*f - 126 = j*f. Calculate the greatest common factor of 77 and f.
7
Let y(u) = 528*u**3 - 16*u**2 + 26*u - 3. Let q be y(2). What is the greatest common factor of q and 1098?
183
Let c be (7/1 - -14)/(6/14)*1089. What is the greatest common factor of c and 121?
121
Suppose 24*b + 665 = -3151. Let j = 182 + b. Calculate the greatest common factor of 667 and j.
23
Let h = -27968 - -28360. Calculate the greatest common factor of 12936 and h.
392
Let i(f) = 84*f**3 + f**2 - 2*f + 1. Let j be i(1). Let v = 18567 + -18531. Calculate the highest common factor of v and j.
12
Let v = 744 + -654. What is the greatest common divisor of v and 100?
10
Let z be 2*(-61)/(6/(-2) - -5). Let j = -58 - z. Suppose -25 = -c - j*n, -3*c + 27 = -n - 28. What is the greatest common factor of 209 and c?
19
Let a(f) = -5*f + 125. Let c be a(23). Let z(u) = -39*u - 37. Let x be z(-3). Calculate the greatest common factor of c and x.
10
Let m = -42419 + 74329. Calculate the highest common divisor of 10 and m.
10
Suppose 0*o + 17*o = o + 1904. Let y = -10 - -44. What is the highest common factor of y and o?
17
Let r(f) be the first derivative of 53/2*f**2 + 9 + 4*f. Let v be r(2). What is the highest common divisor of v and 22?
22
Let j(n) = 9*n + 83. Let w be j(-9). Suppose 0 = w*t - i - 92 + 25, 0 = -t - 2*i + 46. What is the greatest common divisor of t and 54?
18
Let y = 417 + 60. Let d = -441 + y. Calculate the greatest common divisor of 162 and d.
18
Suppose -331*o + 1485 = -304*o. Calculate the greatest common factor of o and 352.
11
Let f = -11244 + 11272. Calculate the highest common divisor of 245 and f.
7
Let y be -153*3/(12/(-28)). Suppose -27*u + 44*u = y. Calculate the highest common factor of 9 and u.
9
Let y be 1/2*14850/72*8. Let n = 80 - 47. Calculate the greatest common factor of n and y.
33
Let d = -285 - -288. Let w be (d/2)/(745/(-190) + 4). Calculate the greatest common divisor of w and 152.
19
Suppose -2*n + 12 = 2*n, 0 = 4*z + 5*n - 23. Suppose 4 = f + z. Suppose f = -3*r + r - 2*o, -2*r + 4*o = -10. Calculate the greatest common divisor of 11 and r.
1
Let h be (-9 - -8) + 2248/4. Suppose -306*d - h = -307*d. Calculate the greatest common factor of 33 and d.
33
Let i be ((-28)/(-147))/(10/585) - (-6)/7. Let u(z) = 7*z**3 - z**2 + 0*z**3 + z - 3*z**3. Let x be u(2). Calculate the greatest common divisor of i and x.
6
Suppose -5*r - 2*b = -22, -2*b + 2 = -r + 4. Suppose 3*n = 2*n - r*i - 147, -159 = n - 2*i. Let k = 275 + n. Calculate the highest common divisor of 15 and k.
15
Let o(y) = -y**3 - 5*y**2 + 5*y - 3. Let x be o(-6). Let f = x + 33. Let v = -1073 + 1397. What is the greatest common divisor of v and f?
36
Let g = -81 + 119. Suppose 2*n - g = 52. What is the greatest common divisor of n and 45?
45
Let f(r) = -r + 4. Let l be f(-4). Suppose -23*k + 248 = 8*k. What is the highest common divisor of l and k?
8
Let f(z) = -41*z - 603. Let s be f(-19). What is the greatest common factor of 1078 and s?
22
Let k be -1*-1*(8 - 3). Suppose 2*v - k*r = 0, 0 = -4*v + r + r. Suppose v = -10*n + 5*n + 65. Calculate the highest common divisor of 104 and n.
13
Let a(l) = l**2 + 59*l + 178. Let g be a(-68). Calculate the greatest common divisor of 10 and g.
10
Let c = 1278 - 1257. Let p(z) = -z**3 + 7*z**2 - 5*z + 2. Let k be p(6). Let j be (42/k